 879 - 1660 - 75*r. What are the prime factors of u(-5)?
3, 47
Let r(h) = -8*h - 156. Let z(v) = 143*v + 2808. Let x(a) = -91*r(a) - 5*z(a). List the prime factors of x(-9).
3, 13
Let g be ((-4)/9)/(6/(-9))*-3. Let f be g/5 + 2 + 46/(-10). What are the prime factors of 114 + 1 - ((-6 - f) + 7)?
3, 37
List the prime factors of ((-1602)/(-4) + -1)/((3721/(-5978))/(-61)).
7, 17, 47
Suppose 90 - 72 = 9*f. Suppose 34 = 2*a - 2*d, -a + 4 + 1 = f*d. What are the prime factors of a?
13
Let u(m) be the first derivative of 4*m**3/3 - 4*m**2 - 30*m - 64. What are the prime factors of u(-8)?
2, 5, 29
Suppose -417 = 8*i - 9769. Let k = 1735 - i. List the prime factors of k.
2, 283
Let o(i) be the first derivative of -77*i**2/2 + 54*i - 17. What are the prime factors of o(-11)?
17, 53
Let h(b) = -2*b**3 + 151*b**2 - 100*b - 62. What are the prime factors of h(74)?
2, 4483
Let c = 487 - 480. Suppose -3*d = -g - 3089, d + 2*g - c*g = 1053. What are the prime factors of d?
2, 257
Let j(v) = -5*v + 38. Let a be j(7). Suppose -110 = 5*o - 590. Suppose 0 = i + 4*b - o, a*i - 3*b - 258 = -5*b. List the prime factors of i.
2, 3, 7
Let a = 975 + -657. Suppose 123 = 2*n - 5*g - a, -4*n = -5*g - 887. List the prime factors of n.
223
Let l = -49 + 83. Let p = 34 - 29. What are the prime factors of l*p/(40/28)?
7, 17
Let b(n) = n**2 + 16*n - 3. Let t(f) = f**2 + 17*f - 3. Let z(x) = -4*b(x) + 3*t(x). Let l be z(-14). Let s(o) = -12*o - 30. What are the prime factors of s(l)?
2, 3, 17
Let r be 2*290/(-4) + -2. Let a = 2 - r. List the prime factors of a.
149
Suppose 16*b - 18*b = 32. Let n(a) = a**3 + 15*a**2 - 15*a + 14. Let m be n(b). Let y(g) = -47*g - 6. What are the prime factors of y(m)?
2, 11
Let d = -1730 + 3042. Suppose 7*o - 2510 = d. List the prime factors of o.
2, 3, 7, 13
Suppose 701*f - 686734 = 655*f. List the prime factors of f.
14929
Suppose n + d + 25 = 2*n, 2*d + 94 = 4*n. Suppose -18*v = -n*v - 1080. What are the prime factors of (v/25)/((-9)/30)?
2, 3
Let l = -9774 - -35483. What are the prime factors of l?
47, 547
Suppose 0 = -50*l + 238994 + 453356. What are the prime factors of l?
61, 227
Let m(k) = -2*k**3 + 75*k**2 - 114*k + 31. What are the prime factors of m(33)?
2, 5, 607
Let g be (-117)/(-27) + ((-8)/6 - -1). Suppose -g*q - 4*l = -3 - 497, 0 = 3*q - 5*l - 407. List the prime factors of q.
3, 43
Let u = 178 + -170. Suppose u*c - 562 = 6*c. List the prime factors of c.
281
Let h(l) = -l**3 + 11*l**2 + 20*l - 7. Let d be h(11). Let y = 613 - d. What are the prime factors of y?
2, 5
Let h(u) = 27*u - 21. Suppose 0 = -4*a + 279 - 247. What are the prime factors of h(a)?
3, 5, 13
Let d be (6 - 129)*(-20)/15. Let u = d - -608. What are the prime factors of u?
2, 193
Suppose 5*f + 4*z = 10, -3*f - 3*z + 5 + 4 = 0. What are the prime factors of (-2)/(-8) - (f + (-575)/20)?
31
Let w be (-4)/7*609/(-6). What are the prime factors of w + (-7 - -2) - 2/2?
2, 13
Suppose 0 = u - 4*c + 2, 4*u + 29 = 2*u + 3*c. Let r(a) = a**3 + 21*a**2 - 21*a + 28. Let k be r(u). Suppose k*y = 121 + 317. List the prime factors of y.
73
Let z(p) = -p**2 + 6*p + 22. Let s be z(-9). Let j = s - -110. List the prime factors of (-48)/32*226/j.
113
Suppose -z - 11 + 20 = 0. Suppose 5*l - 11 = -2*r + z, -5*l + 5*r = -20. Suppose 153 = 3*n + 3*f, -20 + 222 = l*n + 3*f. What are the prime factors of n?
7
Let i(t) = 2*t**2 - 13*t - 28. Let c be i(32). Suppose 9*u - 2113 = c. List the prime factors of u.
7, 59
Let h be 2/(-16) + (4755/24 - -2). Suppose 90 + h = n. Let x = 414 - n. List the prime factors of x.
2, 31
List the prime factors of 2 - (-65102 - -1) - 533/(-41).
2, 73, 223
Let d(n) = 9*n + 23. Let m be d(-2). List the prime factors of 1*(m + 57 - -5).
67
Suppose 4*v - l - 8 = 0, -30*l + 19 = 3*v - 34*l. List the prime factors of v*(30 - -3)*(-5 + 14).
3, 11
Let g(y) = y**3 + 4*y**2 + 4*y + 2. Let k be g(-3). Let a be 1 - k/(4 + -3). Suppose -c - 174 = -a*w, w - 48 = 5*c + 48. List the prime factors of w.
2, 43
Let b = -774 - -1369. List the prime factors of b.
5, 7, 17
Let j = -17456 + 32415. What are the prime factors of j?
7, 2137
Let b = -252 - -559. Let f = b - -11. What are the prime factors of f?
2, 3, 53
Let y = -648 - -537. Let j = y - -611. List the prime factors of j.
2, 5
Suppose 4*l - 37 = 7. Let i be (-1 - 26/(-39)) + 8/6 + -6. What are the prime factors of (1 + i + l)*9?
3, 7
Let p = 2529 - -2974. What are the prime factors of p?
5503
Let p(w) = 3*w + 11. Let f be p(-3). Suppose -6 = -3*d + f*d + 4*s, 10 = 5*s. Let v(c) = 4*c - 15. List the prime factors of v(d).
41
Let i(z) = 16*z**2 + 25*z - 71. List the prime factors of i(7).
2, 3, 37
List the prime factors of (633/(-2))/((-11)/12*196/1078).
3, 211
Let k = -18627 + 36702. List the prime factors of k.
3, 5, 241
Let j(l) = l + 152. Let h be j(-22). Let x = -19 + h. What are the prime factors of x?
3, 37
Let y(r) = -r**2 + 31*r - 4. Let p(t) = -t**2 - 22*t - 44. Suppose 0 = -21*l + 8*l - 247. Let v be p(l). What are the prime factors of y(v)?
2, 5, 23
Let j be (0 + -6)*(-4952)/(-24). Let g = j - -1821. List the prime factors of g.
11, 53
Let f be (-1)/((-2)/156 - 0). Let b be 164 - (19 - (1 - -3)). Let j = b - f. What are the prime factors of j?
71
Let m(q) = -3*q + 14. Suppose 5*a - 2 - 15 = 2*i, -4*i - 4 = -4*a. Let z be m(a). What are the prime factors of (-1)/((-5)/70) - z?
3, 5
Let t be (-168)/126 + ((-34)/(-3) - -1). Let q(i) = 7*i - 75. Let k be q(t). Suppose 2*g + 4*l = -3*g + 732, -k*g = -3*l - 279. What are the prime factors of g?
2, 3
Suppose 2*p = 3*m + 4599 - 473, 0 = p - m - 2065. List the prime factors of p.
2069
Let y = -83 + 82. Let a(f) = 6*f**2 - 28*f + 25. Let h(z) = -z**2 + z. Let m(c) = y*a(c) - 5*h(c). What are the prime factors of m(17)?
7, 11
Suppose 5*w + 2141 = q, -2*w + 553 + 5802 = 3*q. Suppose 3*n - q = 2*b, 5*n + b + 2*b = 3554. List the prime factors of n.
709
List the prime factors of 37204/2 + (32 - 30)*1.
2, 4651
Let t = 57237 + -31629. List the prime factors of t.
2, 3, 11, 97
Suppose 0*i - 3*r + 8 = -4*i, 0 = -2*i + 5*r + 10. Let o(v) = 2*v + 31986 + 6*v**2 - 4*v - 31974 - 4*v**2 + 0*v. List the prime factors of o(i).
2, 3
Suppose 5*l - 1159 = -4*a, 3*a - 5*l = -342 + 1185. Let r = -150 + a. What are the prime factors of r?
2, 17
Suppose 17*t - 13*t + h = 37451, 0 = -4*t - 3*h + 37457. What are the prime factors of t?
2, 31, 151
Let h(m) = -m**3 - 103*m**2 - 190*m + 87. What are the prime factors of h(-103)?
11, 1787
Let g = -1410 - -2165. Let r = 816 - g. What are the prime factors of r?
61
Suppose r - 19 = -3*r - 3*u, -r + 19 = -4*u. List the prime factors of 272/2 - (-2 + r) - 2.
3, 43
Suppose -8*w = -x - 381775, -w + x + 47768 = 6*x. What are the prime factors of w?
13, 3671
Suppose 17*c = 15*c + 52. Let w(l) = l + 24 + 5*l + 2*l**2 - c. List the prime factors of w(-6).
2, 17
Let t be (19/57)/((-1)/(-66)). Suppose 7*u - t = -4*u. Suppose -5*h = -u*l + 16, 2*l = 6*h - 3*h + 12. List the prime factors of l.
3
Suppose 0 = -10924*o + 10931*o - 5502. What are the prime factors of o?
2, 3, 131
Let p(y) = y**2 + 11*y + 12. Suppose 0*z + 25 = -4*o + 3*z, -o - z = 15. Let j be p(o). What are the prime factors of 1/(j/(-78))*-1?
3, 13
List the prime factors of -9*(-17432)/648 + 3/(-27).
2, 11
Suppose -28*r + 52400 = -12*r. List the prime factors of r.
5, 131
Let s(t) be the first derivative of t**4/4 - 4*t**3 - 18*t**2 + 12*t + 52. List the prime factors of s(16).
2, 5, 23
Let s = 181 - 177. Suppose 0 = -2*k - 2, -s*m - 5*k + 81 = -3*m. What are the prime factors of m?
2, 43
Let u(c) = -3*c - 204. Let g(z) = z + 103. Let w(a) = 5*g(a) + 2*u(a). What are the prime factors of w(21)?
2, 43
Suppose 10*b + 28 = 8. List the prime factors of (-1427 + -30)/(1 + b).
31, 47
Let j = -181 + 179. What are the prime factors of j/4*(11 + -1029)?
509
Let d be 28/7 - (5/5 + 2). List the prime factors of 130 - 28/(-7) - (3 + d).
2, 5, 13
Suppose -37 + 97 = 4*c. Let q(y) = 37*y - 6. What are the prime factors of q(c)?
3, 61
Suppose 1134400 + 2384 = 22*l. List the prime factors of l.
2, 3, 2153
Let o be -1 + (-3 - -1) - (-13 - -6). Suppose -o*n = p - 188 + 53, -3*n + 100 = p. What are the prime factors of n?
5, 7
Suppose 3*s + 5*z + 2 = 0, -3*z = z + 16. Let j be (-2 + 1)*0/s. Suppose -q + 4*q - 3